- (85 + -8) - -24) + 7.
-46
Calculate -7 - -1 - (-15 + 30 + -56 - -11).
24
1 - -1 - (8 - 23) - (127 + -121)
11
Evaluate -2748 - -2712 - (-2 - ((0 - -9) + -1)).
-26
11 + -54 + -5 + -1 + 219 + -202
-32
Calculate 68 - ((-5 - 35) + 61).
47
Calculate (-2 - 61 - (-67 - -78)) + -4 + -12 + 6.
-84
((-46 - 8) + -1 - -13) + -1 + -9
-52
What is 26 - (-4 + 47 + -78)?
61
Calculate 38 - (28 - -24) - (0 - -1 - -68).
-83
-30 + 32 + (4 - (25 - 9))
-10
Calculate -40 - ((-14 - -7) + (6 - -2)).
-41
Calculate (6 - (9 + -1)) + -34.
-36
What is (-14 - 17) + (-3 - (-1 - -4) - (50 - 55))?
-32
40 + -44 - -64 - 21
39
What is the value of -4 + 2 + -795 + 738?
-59
16 - (-23 + (22 + -6 - -48))
-25
Evaluate (-264 - -164 - -121) + -12 + 1.
10
70 + 52 + -82 - 83
-43
3 - (-12 - (-23 + -13) - -36)
-57
What is (-50 - (14 - 44)) + 13 + -93?
-100
Calculate -40 + 2 + (-414 - -471).
19
What is the value of 21 - (-55 - -18 - -26)?
32
What is (-2 + (-104 - -67) - -42) + (0 - -31 - 1)?
33
Evaluate -4 + -25 + -34 - 40.
-103
What is the value of (-14 - (-8 + 8) - (0 + 10)) + (-14 - -5)?
-33
What is 2 + (-96 - (80 + -90))?
-84
Evaluate -24 + -37 + 71 + (-10 - -6) + 122.
128
Evaluate (-26 - (-34 + -4)) + (-99 - -1) + 0.
-86
Calculate 15 + (-49 - -39) - -58.
63
Evaluate 37 + -8 + 1 + -14 + 17 + 1.
34
(4 - 26) + (2 - -7 - 4) + 11 - -26
20
What is the value of -17 + (-16 - (5 + 12 - 21))?
-29
-102 - (2 - 5 - 17 - (-8 + -8))
-98
(6 - -6) + -10 + -5 + 6 + 1 - -60
64
(-37 - -25 - -33) + -20 + -2 + -64
-65
Calculate 70 + -29 + -3 - 45 - (-44 - 0).
37
What is -11 + (17 - 5) - (-8 - (-10 + 42))?
41
What is -1 - -1 - (-21 - (100 + -105))?
16
Evaluate (-2 - 0) + -1 + (-14 - (-30 + 8)).
5
What is (-22 - ((17 - 34) + 41)) + 9?
-37
What is the value of 31 + 7 + -7 + 44?
75
Evaluate -2 - (106 - (127 + -64)).
-45
What is (92 - 102 - -21) + (-1 - -2 - -1 - 41)?
-28
What is the value of -2 + 7 + 2 + (-2526 - -2525)?
6
Evaluate 46 - (-3 - -5) - (-1458 - -1434).
68
Evaluate 146 + -192 - ((-22 - -3) + -6 - -1).
-22
What is (81 - -9) + -112 - 45?
-67
What is the value of 25 + -72 + 32 + 14 + -1 + 4 + 20?
22
Calculate 24 + -53 + (6 + (-16 - -11) - (-7 + 2)).
-23
What is -6 + (4 - (-30 - -2) - (16 + (-30 - -22)))?
18
What is 67 - (95 + -13 + -34)?
19
Calculate (1 - (-1 + -14)) + (-14790 - -14812).
38
(-1 - (-1 - 25)) + (-2535 - -2574)
64
Calculate 1 + -41 - ((-51 - -43) + 1 + -10 - -9).
-32
-52 - -81 - (5 + 17) - (0 + -2 + -49)
58
Calculate -46 + -4 + -16 + (16 - 13) + -4 + 20.
-47
4 + -47 + -9 + -2
-54
What is (93 - 3) + -135 + -8?
-53
What is the value of -61567 - -61579 - (-101 - (2 - 1))?
114
What is the value of (-66 - -3) + -615 + 664?
-14
Calculate (24 + 17 + -66 - 2) + -21.
-48
What is the value of 43 - (34 + 3 - 29 - -14)?
21
Evaluate -17 + 16 - -19 - -11 - 12 - 52.
-35
Calculate (-15 - 1) + (1 - -2) + (19 - 22 - -2).
-14
What is the value of 3 - (104 + -43) - (-18 - (-4 + 8))?
-36
Calculate 25 - (15 - (-12 + 42) - -9 - 10).
41
What is 116 - (-5 - (-29 - -61) - -29)?
124
Calculate (6 - 58) + -18 + 10 + 22.
-38
What is the value of -2 - 45 - (33 + -26 - 24)?
-30
61 - (0 - -80) - -65
46
What is the value of -126 + 84 + (-137 - -133)?
-46
(-3 + 5 - 1) + (-5 - -23 - 40 - -79)
58
Calculate (-7273 - -7208) + (12 - 2) + 0.
-55
Evaluate (17 - 29) + 88 - 48.
28
23 + (-18 - -17 - 6) - 8
8
Evaluate -39 - (13 - 29) - -51 - 5.
23
What is the value of 60 + (-39 + 23 - -35 - (14 + -6))?
71
Evaluate -13 - (-1 + 3 - 0) - (254 + (-74 - 246)).
51
Evaluate 38 + -13 - -1 - (-8 + 5).
29
76 + (-19 - (-49 + 35)) + -10
61
Calculate (2 - 56) + -948 + 968.
-34
What is the value of (-9 - -3 - -4) + (-14 - 1) + (4009 - 4004)?
-12
Calculate 2 + (6 - 4) + -1 + -66 + 28.
-35
What is (-4 - -1) + (-5 - -4) - (-59 + 50 - -13)?
-8
Calculate 192 - 436 - (-15 - 117).
-112
Evaluate -10527 - -10620 - (92 - -1).
0
275 + -272 - (3 - 1)
1
Calculate -3115 - -3047 - (-1 - 32).
-35
Evaluate (9 + -15 - -44) + -15.
23
0 - (-20 - (-35 + (9 - 25 - -12)))
-19
What is the value of 2 + -4 - (4 + -9 + -88 + 91)?
0
What is -5 + 9 + -18 - (4 + -39)?
21
(-148 - -149) + (1 + 1 - 4) - -5 - -61
65
(-4 - -2 - 86) + 6 + -1 - (-286 - -296)
-93
What is the value of 1 + 0 + 3 + (39 - -142) + -176?
9
What is the value of (-6 + -1 - -41) + 40 + -19?
55
Calculate -1 + 0 - ((227 - 245) + (2 - -14) + -7).
8
What is -7 + -25 + 12 + -14?
-34
Evaluate (-2 - ((-18 - 2) + 25)) + -123 + 6.
-124
(78 - (71 + 21)) + -2 + 23
7
-9 + -22 + (-59 - -95) + 2
7
What is -12 - ((-3 - 1) + -859 + 842) - (57 - 2)?
-46
Calculate (-50 + -31 - -63) + 67.
49
Evaluate (-37 - -20) + -1 + -65 - -5.
-78
What is -9 - (3 + -6 + 8) - (27 + -123)?
82
What is the value of -27 + (24 - -13 - 12) + -1?
-3
What is 132 + (-59 - -18) - 83?
8
What is -9 - ((-45 + 19 - -25 - (12 - 0)) + -3)?
7
What is the value of -54 - (4 + -2 - 4 - (15 + 0))?
-37
158 + -148 + (1 - 0) + 1 + -6 - 72
-66
(-52 - (53 - 89)) + (5 - 0) + -2
-13
Evaluate -235 - -320 - (6 - 7 - -35).
51
-67 - (-16 + 9) - -43
-17
What is (-130 - -148 - (-3 - -16)) + -5 + 55?
55
What is -276 - -336 - (-22 - 10)?
92
Evaluate -2 - 20 - (47 + (-50 - -14) - (0 - -5)).
-28
Evaluate 10 + 68 + 52 + -76.
54
Evaluate -13 + (-33 - -48 - 25 - -61).
38
Evaluate (-205 + 117 - 21) + 80.
-29
What is the value of -15 - (9 + 67 + -62)?
-29
Calculate 3 + (-16 - 0) + 1 - 3 - (71 - 138).
52
What is the value of -43 + 121 + (-134 - -67)?
11
13 + -53 + -1 + 69
28
What is the value of (65 - 40 - (16 + 81)) + -36?
-108
What is -21 + -2 + 43 + (-15 - -12)?
17
Evaluate (-17 + 66 - 21) + 33.
61
What is the value of -8 + 0 - (145 - 153) - 44?
-44
3 - (11 + -28 - -10 - -1 - -12) - -2
-1
What is 8066 - 7982 - (-1 - -160)?
-75
Calculate -121 + -4 + (-67 + 82 - -20).
-90
Evaluate 27 + -12 + -26 + 12 - -15.
16
95 - (85 - (-111 - -116))
15
What is the value of 15 + (-100 - (7 + -20 + -24))?
-48
What is the value of (-6 - (29 - 9 - 13)) + 14 + 1 + -41?
-39
What is 12 - 2 - (-38 - (22 + -34 + 14)) - 1?
49
What is the value of (-12 - 0) + (19 + 8 - 9) + -15 + 60?
51
What is the value of -8 + 33 + (66 - 17) - 18?
56
What is -15 + 1 + -22 + -36 + (31 - -17)?
-24
What is -19 - (-44 - (-14 + -6)) - 33?
-28
What is -1 - ((0 - (15 - 1)) + (-34 - -30))?
17
5 + -2 + 5 - -5 - (-1 - (3 + 7))
24
16 - (-33 - -12) - (-189 - -176)
50
Evaluate (-28 + -1 - (131 + -63 + -76)) + -9.
-30
What is the value of -75 - (40 - (-18 + 180))?
47
Evaluate 36 + (71 - (-11 + 45)).
73
Calculate -51 - (1 - 0 - (-2 - 0)) - (-311 + 318).
-61
What is 2006 - 2017 - (0 + (-2 - 0) + -5)?
-4
What is -103 + (-40 - -93) + -15?
-65
-149 - (76 + -9 + -133)
-83
1 - -108 - (-22291 + 22445)
-45
What is 65 + (25 - 21) - 4?
65
What is (-6 - -7 - 22) + (1 - -37) - 81?
-64
Evaluate -12 - (12 - (-10 + 19 - 2)).
-17
Evaluate -26 - (1145 + -1296 - (-1 + -26)).
98
Evaluate 5 - ((-34 - 29) + 38).
30
What is the value of (443 - 450) + (-26 - (-1 - 1)) - (4 + 3)?
-38
What is the value of -8 + (0 - -50) + (3 + 11 - 8) + -7?
41
What is the value of -9 + (-2 - (42 + -2 + 1)) + (-5 - -4)?
-53
What is 28 + (20 - -14) + -20?
42
What is the value of (-371 - -363) + (-3 + 8 - 2)?
-5
What is the value of (10 - (4 + -2)) + -16 + 21 + -13 - 64?
-64
What is the value of 9 - 16 - ((-99 - (2 - (3 - -4))) + 6)?
81
Evaluate -7 + (-39 - (-6 + -31)).
-9
What is -2034 + 2056 - (1 + -43)?
64
What is 9 + 15 - 8 - -12?
28
What is the value of -226 + 178 + 47 + -1 + 41?
39
Calculate 5 - 25 - 1 - (-131 + 119) - (15 + 0).
-24
(-7 - -18) + -7 + 3 - ((3 - 1) + 5)
0
What is the value of 2 + (-6 - (-67 - -5) - (11 - 0))?
47
What is (0 - 2) + (6 - -9 - 3) - (67 - 92)?
35
What is 1 - -59 - (374 - 316) - (-35 - (0 - 1))?
36
What is the value of (23 + -12 - ((-9 - (10 + -17)) + 85)) + 12?
-60
What is the value of -58 + ((-5 - -14) + -9 - -13) + -5?
-50
What is the value of 3 + -4 + 79 - (2657 - 2684)?
105
Evaluate 17 - (-27 + 17 + 28) - ((-2 - -1) + 59).
-59
What is the value of 56 + (-12 - (23 - -19))?
2
What is 110 - -10 - ((-29 - -43) + (-24 - -4) - -18)?
108
Evaluate (18 - (-4 + 19)) + (-76 - 4) + 5.
-72
What is the value of 2 - ((12 - 5) + 2 - (-59 + 45))?
-21
Calculate (0 - 4 - -8) + 2 + -13.
-7
What is the value of (14 - -4) + (-105 - -158) - (5 - -7)?
59
Evaluate -5 + (2 - 12) + (-251 - -255).
-11
What is the value of -66 + 57 + (10 + -5 + -76 - -5)?
-75
Calculate (332